q - 39. Let j be (10 - 1 - 12) + 16. Determine c(j).
0
Let q(f) = -66*f + 395. Let i(m) = 4*m**3 - 12*m**2 - 46*m + 36. Let k be i(5). Determine q(k).
-1
Suppose 14 - 42 = -7*u. Let j(x) = 78*x - x**2 - 72*x - u + 4. Let w = -7 - -12. Calculate j(w).
5
Let m(x) = -81*x**3 + 21 + x + 167*x**3 - 87*x**3 + x**2 - 3. Determine m(0).
18
Let c = -39 - -51. Suppose -2*b + 5*o + 26 = 0, 4*b + 2*o = 5*b - c. Let s(m) = 2*m - 10. Determine s(b).
6
Let u(i) = -i - 11. Suppose 9*d = 14*d - 30. Let s be 1 - 8/d - 176/12. Let f be 4/10 + 126/s. What is u(f)?
-3
Let j(m) = -m**2 - 3*m + 2. Let c(w) = 5*w**2 + 13*w - 9. Let y(t) = 4*c(t) + 17*j(t). Give y(-7).
138
Let q(x) = -2 + 10*x + 3*x**2 - 2*x**2 + 8. Let w be 2 - (18 - (44/110 - (-144)/15)). Determine q(w).
-18
Let j(n) = 2*n**2 + 31*n + 16. Let i(s) = -s - 2. Let h(g) = 4*i(g) - j(g). Let p(m) = -m**2 - 18*m - 12. Let d(f) = -6*h(f) + 11*p(f). Calculate d(-9).
-15
Let i be (-388)/(-14) - 40/(-140). Suppose 0*l + 2*l = i. Let b(y) = 16*y**2 - 29*y**2 + l*y**2 - y**3 - 4. Determine b(0).
-4
Let w(v) = -4*v**2 + 47*v + 17. Let u = -1660 - -1672. Determine w(u).
5
Let j = 19 - 12. Let l(p) be the third derivative of 1/4*p**4 + 5/6*p**3 - 1/60*p**5 + 0 + 0*p + 42*p**2. Give l(j).
-2
Suppose g - 164 + 1 = 0. Let q(s) = 4 + g*s - 157*s + s**2 + 1. Let i = -14 - -10. Calculate q(i).
-3
Let t(w) = -w**3 + 9*w**2 - 5*w - 7. Suppose -37*u - 625 = -42*u. Let l = -117 + u. Give t(l).
17
Suppose -4*n - 26 = -5*q - 5*n, -2*q + 3*n + 24 = 0. Suppose 0 = -8*g + 66 - 10. Suppose g*c + q = 5*c. Let t(p) = -2*p + 1. Determine t(c).
7
Let v(n) = n + 8. Let g be 2*3/(-6)*1. Suppose y = -0*y - 8*y. Let j be (y + 1 + g)/(-2). What is v(j)?
8
Let v(r) = 7 + r - 139*r**2 + r**3 - 4 - 6*r + 4*r + 141*r**2. Suppose -j - 10 = -5*b, -2*j = 2*b - b + 9. Suppose 13 = -4*y + b. Give v(y).
-3
Let w(g) = -g**3 - g**2 + g - 18. Let q(t) = t**2 - 4*t - 4. Let b(x) = -x**2 + 4*x + 6. Let d(z) = 2*b(z) + 3*q(z). Let a be d(4). What is w(a)?
-18
Let w be 20/3 - (-6)/(-9). Suppose w = 5*c - 4. Let k(t) = 4 - 1079*t + 1078*t + t**2 - 2. Give k(c).
4
Let q(z) = -10*z**3 + 19*z**3 - 1 - 4*z**2 + z - 8*z**3 + 0*z + 15. Calculate q(3).
8
Let y(b) = -3*b - 2. Let v(w) = -11*w - 19. Let d(l) = v(l) - 4*y(l). Calculate d(27).
16
Let r(c) = -c**3 + 4*c**2 - 4*c + 1. Let q be r(3). Let b(m) = m**3 + 1767 - 2*m - 4*m**3 + 1748 - 5276 + 0*m + 1758 - m**2. Calculate b(q).
21
Let w be 30 + -14 + 425/(-30). Let j(p) be the third derivative of 0*p + 1/60*p**5 + 0 - 16*p**2 + w*p**3 + 5/12*p**4. Calculate j(-9).
2
Suppose 4*a - 5*j - 44 = 0, 2*a - 43 = 5*j - 11. Let b(t) = -1 + 4*t**3 - 2*t**3 + 2*t - t - 2*t**3 - t**3 + 6*t**2. What is b(a)?
5
Let g(p) = -2*p - 32. Let k be -18*(392/448 + (-1)/(-8)). Calculate g(k).
4
Let s(w) be the third derivative of -6*w**4 - 359*w**3/3 + w**2 - 5*w + 89. Calculate s(-5).
2
Let r(f) = -3*f**3 - 6*f**2 + 2. Let x(s) = 4*s**3 + 12*s**2 - 1. Let a(o) = -3*r(o) - 2*x(o). Suppose -14 = -5*t + 11. Determine a(t).
-29
Let a(v) = v**3 - 3*v**2 - v - 2. Let o(f) = f**3 - 11*f**2 - 10*f - 21. Let m be o(12). Suppose -r + x = 0, -5*x = m*r - 4*r - 12. Calculate a(r).
-5
Let g(m) = -m**2 - 2. Let d be (14 + -14 - -4) + (-1 - 7). What is g(d)?
-18
Let y(a) = -2*a**2 + 5*a - 4. Let g(m) = 7*m**2 + 336*m + 8. Let b be g(-48). What is y(b)?
-92
Let y(s) be the first derivative of -25*s**2 + s + 2671. What is y(-1)?
51
Let f(r) = -5*r - 5*r + 21*r - 9*r + 73 - 5*r. Calculate f(13).
34
Let o = 18 - 16. Let a(d) = -14*d - 5 - 15*d + d**o - 11 - d + 13*d. Give a(18).
2
Let q(i) be the first derivative of -i**2 + 2*i + 4. Let w = -1389 + 1396. What is q(w)?
-12
Let s(f) = -f**3 + 13*f**2 - 6*f - 70. Let a be (6 - (13 + -12)) + 2 + 4 + 1. Give s(a).
2
Let i(b) = -b**2 + 13*b + 36. Suppose 5*v - 4*v - 2*f - 19 = 0, 2*v - 2*f = 32. What is i(v)?
36
Let r be (-4)/(-22) - 648/1386 - (-312)/(-84). Let b(a) = 21*a + 19. Calculate b(r).
-65
Suppose 78 = 2*b - 4*u, 4 - 22 = -3*u. Let d(c) = -c**2 + 47*c + 209. Give d(b).
5
Let f(x) be the third derivative of x**6/120 - 3*x**5/20 - 2*x**4/3 + 35*x**3/6 + 30*x**2 - 1. Determine f(10).
-25
Suppose -6*h + 2*q = -5*h - 6, -2*h + 2*q + 12 = 0. Let r(j) = 9*j + h - 4*j - j - 7*j. Calculate r(4).
-6
Let n(t) = 305*t + 2437. Let l be n(-8). Let i(z) = z**2 + 35*z + 89. Give i(l).
-7
Let l = 12 - -59. Let c = l - 14. Let f(n) = -c*n + n**2 - 3 + 0 + 53*n. Calculate f(6).
9
Let x(n) = n**3 - 2*n**2 - 3. Suppose 0 = 18*z + 206*z + 601 - 1721. Calculate x(z).
72
Let h(l) = -11 - 10 + 20 - l + 0*l. Let v(n) = 3*n. Let g(i) = -2*h(i) - v(i). Give g(6).
-4
Let a(r) = 8*r + 4. Suppose -2*i + 2*f = -3*i, -5*i = -5*f - 15. Let h be 10/(-9 + 7) + i. Give a(h).
-20
Let m(y) = -y**3 + 17*y**2 - 17*y - 58. Let d be m(16). Let h be d/(-6) + (-5)/15. Let w(k) = -k**2 + 14*k - 15. Calculate w(h).
9
Let k(p) = -p**2 + p - p + 5 - 2*p. Suppose 0 = 3*o - 6, -3*o + 24 - 60 = -3*l. Suppose -4*i - 1 = f, -i = 8*f - 5*f + l. Give k(f).
-10
Let f(r) = -4*r + 134. Let k(v) = v**3 + 14*v**2 + 49*v + 76. Let u be k(-3). What is f(u)?
22
Let h = 0 - -5. Let x(i) = 2*i + i**2 + 18 + 12 + 10 + 1 - 39. Give x(h).
37
Suppose 0 = -2*g + 8. Let l(w) be the first derivative of 69 + 5/3*w**3 - 5/2*w**2 - 1/4*w**4 + 6*w. Calculate l(g).
2
Let z = 29 - 19. Let p(y) = 18*y + y**2 + 33*y - 440 - 58*y + 444. Determine p(z).
34
Let q = 162 - 248. Let d = q - -81. Let h be (1 - 10 - d) + 4. Let y(t) = t + 2. Calculate y(h).
2
Let i(z) be the second derivative of z**3/6 + z**2/2 + 2*z. Let u = 30156 - 30151. What is i(u)?
6
Let k(d) be the second derivative of -d**4/12 - d**3/2 + 7*d**2 + 2*d - 1132. Determine k(-9).
-40
Suppose -u = 2*g + 1, -4*u + 4*g + 28 = 8. Let c(m) be the second derivative of m**3/6 + m**2/2 - 7*m - 854. Determine c(u).
4
Let y(p) = 5*p**3 + 20*p**2 + 21*p - 26. Let s be 10620/1080 + 7/6. Let b(u) = 4*u + u**3 + 1 - 4 - 2 + 4*u**2. Let l(g) = s*b(g) - 2*y(g). Calculate l(-3).
0
Let q(l) be the second derivative of l**5/20 + l**4/3 + l**2/2 + 3*l - 257. What is q(-2)?
9
Let b(j) be the second derivative of -j**3/3 - j**2 - j. Let c = -24522 - -24528. Calculate b(c).
-14
Let c(w) = 3*w + 26. Let l be -2*28*(-1)/2. Suppose -l = -0*r + 4*r. What is c(r)?
5
Let j(d) = 75 + 1918*d**2 - 636*d**2 - 641*d**2 - 642*d**2. Determine j(0).
75
Let o(g) = -g**2 + 12. Let q(w) = w**3 + 6*w**2 + 6*w + 7. Let h be q(-5). Suppose -h*f + 6 = -44. Suppose -5*d + f = 0, 4*u - 4*d + 18 = -2. What is o(u)?
12
Let h = -6259 + 6256. Let s(l) = 21*l + 69. Calculate s(h).
6
Let x(p) = -4*p + 323. Let o be x(79). Let t(a) = -a**2 + 8*a - 8. Determine t(o).
-1
Let h = 1709 - 654. Suppose -5*z = -1075 + h. Let k(o) = -3*o + 2. Give k(z).
-10
Let t(q) = 2*q + 5. Suppose 5*x + 207 - 752 = 3*f, -2*f = -3*x + 326. Let k = 120 - x. Give t(k).
21
Let z(w) be the third derivative of -w**6/360 - 7*w**5/60 + 11*w**4/12 + w**3/3 + 63*w**2. Let a(m) be the first derivative of z(m). Calculate a(-15).
7
Let j(m) = 329*m - 7 - 12 - 18 + 0 - 325*m. What is j(9)?
-1
Let u(b) = -4*b + 45. Let s(t) = -12. Let z(k) = -4*s(k) - u(k). Suppose 5*p - 25 = 0, 25 = -5*g - p - p. Let o = 5 + g. Give z(o).
-5
Let i(w) be the first derivative of w**4/4 + w**3/3 - 2*w**2 - 654. Suppose -4*u + 5*b - 2*b = 4, 5*b + 16 = u. Give i(u).
-32
Let l(f) = 2*f + 29. Let u(c) = 15*c - 195. Let n be u(12). What is l(n)?
-1
Let x(q) = 3*q**2 - 49*q + 17. Let r be x(16). Let h(n) = -r - 1 + 4*n + 6 - n**2. What is h(5)?
-1
Let o(l) = -12*l**2 - l - 25. Let n(k) = 5*k**2 + k + 11. Let f(y) = 5*n(y) + 2*o(y). Suppose -36*r + 46*r + 40 = 0. Calculate f(r).
9
Let p be (-2*(330/(-72))/11)/(2/(-12)). Let t(a) = a**2 + 33*a + 137. Give t(p).
-3
Suppose 61*u - 45 - 164 = 35. Let t(k) = -k**3 + 3*k**2 + 3*k + 5. What is t(u)?
1
Let c(a) = -4*a - 42. Let k be c(-11). Let d(g) = 7 - 1726*g**2 + 1725*g**2 + k - 8*g. Determine d(-7).
16
Let x be (-10)/(5 + (-8 - -5)). Let y(w) = 2*w**2 - w**2 + 4 - 3 - 238*w + 241*w. What is y(x)?
11
Let s = 18 + -31. Let r(u) = 463*u - 52 + 98 - 465*u - 33 - 36. Calculate r(s).
3
Let y(o) be the second derivative of -1/6*o**3 + 0 + 81*o + o**2. What is y(-6)?
8
Let o(g) be the second derivative of 15*g + 0 + 1/20*g**5 - g**3 - 3*g**2 + 1/4*g**4. Let a = -161 + 157. Give o(a)